{"id":208,"date":"2017-01-24T20:26:28","date_gmt":"2017-01-24T23:26:28","guid":{"rendered":"http:\/\/www.neuroepigenetica.qb.fcen.uba.ar\/labo_wp\/?page_id=208"},"modified":"2019-08-29T16:42:08","modified_gmt":"2019-08-29T19:42:08","slug":"en-los-medios","status":"publish","type":"page","link":"http:\/\/www.neuroepigenetica.qb.fcen.uba.ar\/?page_id=208","title":{"rendered":"En los medios"},"content":{"rendered":"<h2>Notas de prensa sobre el trabajo del grupo<\/h2>\n<ul>\n<li>\n<h3>Estudio sobre los mecanismos de acci\u00f3n de la pasta base de coca\u00edna<\/h3>\n<\/li>\n<\/ul>\n<h4>CONICET 8 de agosto de 2019 &#8211; <a href=\"https:\/\/www.conicet.gov.ar\/estudian-los-mecanismos-de-accion-de-la-pasta-base-de-cocaina\/\">Estudian los mecanismos de acci\u00f3n de la pasta base de coca\u00edna<\/a><\/h4>\n<p><img decoding=\"async\" loading=\"lazy\" class=\"alignnone size-medium wp-image-438\" src=\"http:\/\/www.neuroepigenetica.qb.fcen.uba.ar\/wp-content\/uploads\/2019\/08\/Equipo-C\u00e1nepa-agosto-2019-300x169.jpg\" alt=\"\" width=\"300\" height=\"169\" srcset=\"http:\/\/www.neuroepigenetica.qb.fcen.uba.ar\/wp-content\/uploads\/2019\/08\/Equipo-C\u00e1nepa-agosto-2019-300x169.jpg 300w, http:\/\/www.neuroepigenetica.qb.fcen.uba.ar\/wp-content\/uploads\/2019\/08\/Equipo-C\u00e1nepa-agosto-2019-768x432.jpg 768w, http:\/\/www.neuroepigenetica.qb.fcen.uba.ar\/wp-content\/uploads\/2019\/08\/Equipo-C\u00e1nepa-agosto-2019.jpg 995w\" sizes=\"(max-width: 300px) 100vw, 300px\" \/><\/p>\n<h4>Radio Universidad Nacional del Nordeste 15 de agosto de 2019. <a href=\"http:\/\/&quot;http:\/\/www.neuroepigenetica.qb.fcen.uba.ar\/wp-content\/uploads\/2019\/08\/20190815-Canepa.mp3&quot;][\/audio]\">Entrevista a Eduardo C\u00e1nepa\u00a0<\/a><\/h4>\n<!--[if lt IE 9]><script>document.createElement('audio');<\/script><![endif]-->\n<audio class=\"wp-audio-shortcode\" id=\"audio-208-1\" preload=\"none\" style=\"width: 100%;\" controls=\"controls\"><source type=\"audio\/mpeg\" src=\"http:\/\/www.neuroepigenetica.qb.fcen.uba.ar\/wp-content\/uploads\/2019\/08\/20190815-Canepa.mp3?_=1\" \/><a href=\"http:\/\/www.neuroepigenetica.qb.fcen.uba.ar\/wp-content\/uploads\/2019\/08\/20190815-Canepa.mp3\">http:\/\/www.neuroepigenetica.qb.fcen.uba.ar\/wp-content\/uploads\/2019\/08\/20190815-Canepa.mp3<\/a><\/audio>\n<h4>La Ciencia y la Salud 13 de agosto de 2019 <a href=\"https:\/\/soundcloud.com\/fundacionmedife\/dr-eduardo-canepa-invest\">Entrevista a Eduardo C\u00e1nepa<\/a><\/h4>\n<h4>Radio Pergamino 9 de agosto de 2019. <a href=\"https:\/\/m.soundcloud.com\/maspergamino\/estefania-fesser-pergaminense-investigadora-conicet\">Entrevista a Estefan\u00eda Fesser<\/a><\/h4>\n<hr \/>\n<ul>\n<li>\n<h3>Impacto positivo contra la malnutrici\u00f3n<\/h3>\n<\/li>\n<\/ul>\n<p>Nexciencia. exactas.uba.ar 10 de agosto de 2019: Una segunda oportunidad<\/p>\n<p><img decoding=\"async\" loading=\"lazy\" class=\"alignnone size-medium wp-image-447\" src=\"http:\/\/www.neuroepigenetica.qb.fcen.uba.ar\/wp-content\/uploads\/2019\/08\/ratonesenriquecido_N-300x225.jpg\" alt=\"\" width=\"300\" height=\"225\" srcset=\"http:\/\/www.neuroepigenetica.qb.fcen.uba.ar\/wp-content\/uploads\/2019\/08\/ratonesenriquecido_N-300x225.jpg 300w, http:\/\/www.neuroepigenetica.qb.fcen.uba.ar\/wp-content\/uploads\/2019\/08\/ratonesenriquecido_N.jpg 600w\" sizes=\"(max-width: 300px) 100vw, 300px\" \/><\/p>\n<hr \/>\n<ul>\n<li>\n<h3>De Ciudad Universitaria a la NASA<\/h3>\n<\/li>\n<\/ul>\n<p>Mincyt 21 de junio de 2017 &#8211; <a href=\"http:\/\/www.mincyt.gob.ar\/noticias\/una-app-para-ayudar-a-las-personas-alergicas-12928\">Una app para ayudar a las personas al\u00e9rgicas<\/a><\/p>\n<p>Nexciencia-Exactas-UBA 29 de junio de 2017 &#8211;<a href=\"http:\/\/nexciencia.exactas.uba.ar\/estudiantes-argentinos-premiados-nasa-aplicacion-app-alergias\"> Estudiantes premiados por la NASA<\/a><\/p>\n<p>Clar\u00edn 21 de junio de 2017 &#8211; <a href=\"https:\/\/www.clarin.com\/sociedad\/grupo-argentinos-gano-concurso-nasa-vera-despegue-vivo_0_ryWmAHuQ-.html\">Un grupo de argentinos gan\u00f3 un concurso de la NASA<\/a><\/p>\n<hr \/>\n<ul>\n<li>\n<h3>P\u00e1gina 12 &#8211; 27 de enero de 2016 &#8211; <a href=\"https:\/\/www.pagina12.com.ar\/diario\/ciencia\/19-291202-2016-01-27.html\" target=\"_blank\" rel=\"noopener noreferrer\">Un problema molecular de escala social<\/a><\/h3>\n<\/li>\n<\/ul>\n<p><img decoding=\"async\" loading=\"lazy\" class=\"alignnone size-full wp-image-439\" src=\"http:\/\/www.neuroepigenetica.qb.fcen.uba.ar\/wp-content\/uploads\/2019\/08\/C\u00e1nepa-P\u00e1gina-12.jpg\" alt=\"\" width=\"232\" height=\"161\" \/><\/p>\n<hr \/>\n<ul>\n<li>\n<h3>Radio Universidad Nacional de La Plata &#8211; 22 de febrero de 2016 &#8211; Argentina Investiga<\/h3>\n<hr \/>\n<\/li>\n<li>\n<h3>Cient\u00edficos Industria Argentina (TV P\u00fablica) &#8211; 10 de octubre de 2015 &#8211; Malnutrici\u00f3n en un modelo de ratones<\/h3>\n<\/li>\n<\/ul>\n<p><iframe loading=\"lazy\" width=\"1200\" height=\"675\" src=\"https:\/\/www.youtube.com\/embed\/J7WYoIRdKjs?feature=oembed\" frameborder=\"0\" allow=\"accelerometer; autoplay; encrypted-media; gyroscope; picture-in-picture\" allowfullscreen><\/iframe><\/p>\n<hr \/>\n<ul>\n<li>\n<h4>Vivo en Argentina (TV P\u00fablica) &#8211; 21 de mayo de 2015 &#8211; Impacto de la malnutrici\u00f3n materna<\/h4>\n<\/li>\n<\/ul>\n<p><iframe loading=\"lazy\" width=\"1200\" height=\"675\" src=\"https:\/\/www.youtube.com\/embed\/cxAuROZRAeA?feature=oembed\" frameborder=\"0\" allow=\"accelerometer; autoplay; encrypted-media; gyroscope; picture-in-picture\" allowfullscreen><\/iframe><\/p>\n<ul>\n<li>\n<h4>Nexciencia &#8211; Exactas &#8211; UBA &#8211; 11 de marzo de 2015 &#8211; <a href=\"http:\/\/nexciencia.exactas.uba.ar\/mala-nutricion-materna-embarazo-deficit-cognitivo-comportamiento-bruno-berardino-eduardo-canepa\" target=\"_blank\" rel=\"noopener noreferrer\">Impacta en los hijos la mala nutrici\u00f3n materna<\/a><\/h4>\n<\/li>\n<\/ul>\n<hr \/>\n<ul>\n<li>\n<h4>La Naci\u00f3n &#8211; 20 de marzo de 2006 &#8211; <a href=\"http:\/\/www.lanacion.com.ar\/790242-hallan-una-proteina-que-repara-el-adn\" target=\"_blank\" rel=\"noopener noreferrer\">Hallan una prote\u00edna que repara el ADN<\/a><\/h4>\n<\/li>\n<\/ul>\n<hr \/>\n","protected":false},"excerpt":{"rendered":"<p>Notas de prensa sobre el trabajo del grupo Estudio sobre los mecanismos de acci\u00f3n de la pasta base de coca\u00edna CONICET 8 de agosto de 2019 &#8211; Estudian los mecanismos de acci\u00f3n de la pasta base de coca\u00edna Radio Universidad Nacional del Nordeste 15 de agosto de 2019. Entrevista a Eduardo C\u00e1nepa\u00a0 La Ciencia y &#8230; <a title=\"En los medios\" class=\"read-more\" href=\"http:\/\/www.neuroepigenetica.qb.fcen.uba.ar\/?page_id=208\">Leer m\u00e1s<\/a><\/p>\n","protected":false},"author":1,"featured_media":0,"parent":0,"menu_order":0,"comment_status":"closed","ping_status":"closed","template":"","meta":[],"_links":{"self":[{"href":"http:\/\/www.neuroepigenetica.qb.fcen.uba.ar\/index.php?rest_route=\/wp\/v2\/pages\/208"}],"collection":[{"href":"http:\/\/www.neuroepigenetica.qb.fcen.uba.ar\/index.php?rest_route=\/wp\/v2\/pages"}],"about":[{"href":"http:\/\/www.neuroepigenetica.qb.fcen.uba.ar\/index.php?rest_route=\/wp\/v2\/types\/page"}],"author":[{"embeddable":true,"href":"http:\/\/www.neuroepigenetica.qb.fcen.uba.ar\/index.php?rest_route=\/wp\/v2\/users\/1"}],"replies":[{"embeddable":true,"href":"http:\/\/www.neuroepigenetica.qb.fcen.uba.ar\/index.php?rest_route=%2Fwp%2Fv2%2Fcomments&post=208"}],"version-history":[{"count":12,"href":"http:\/\/www.neuroepigenetica.qb.fcen.uba.ar\/index.php?rest_route=\/wp\/v2\/pages\/208\/revisions"}],"predecessor-version":[{"id":461,"href":"http:\/\/www.neuroepigenetica.qb.fcen.uba.ar\/index.php?rest_route=\/wp\/v2\/pages\/208\/revisions\/461"}],"wp:attachment":[{"href":"http:\/\/www.neuroepigenetica.qb.fcen.uba.ar\/index.php?rest_route=%2Fwp%2Fv2%2Fmedia&parent=208"}],"curies":[{"name":"wp","href":"https:\/\/api.w.org\/{rel}","templated":true}]}}