{"id":109,"date":"2017-01-22T14:34:42","date_gmt":"2017-01-22T17:34:42","guid":{"rendered":"http:\/\/www.neuroepigenetica.qb.fcen.uba.ar\/labo_wp\/?page_id=109"},"modified":"2022-01-25T15:38:01","modified_gmt":"2022-01-25T18:38:01","slug":"tesis-de-licenciatura","status":"publish","type":"page","link":"http:\/\/www.neuroepigenetica.qb.fcen.uba.ar\/?page_id=109","title":{"rendered":"Tesis de Licenciatura"},"content":{"rendered":"<h2>En curso<\/h2>\n<p>Eliana Rozowykwiat. Estudiante de Licenciatura en Ciencias Biol\u00f3gicas<br \/>\n&#8220;Malnutrici\u00f3n proteica prenatal e inducci\u00f3n temprana de distintos marcadores de senescencia en un modelo de fibroblastos primario de rat\u00f3n&#8221;<br \/>\nDirectora: Silvina V. Sonzogni<\/p>\n<hr>\n<h2>&nbsp;Finalizadas<\/h2>\n<p>Roc\u00edo Priegue. Estudiante de Licenciatura en Ciencias Biol\u00f3gicas<br \/>\n&#8220;Establecimiento de un modelo de deprivaci\u00f3n y abuso perinatal en ratones&#8221;<\/p>\n<p>Director: Bruno G. Berardino<br \/>\nCalificaci\u00f3n: Sobresaliente<br \/>\nFecha de defensa: marzo 2019<\/p>\n<hr>\n<p>Carolina Alberca. Estudiante Licenciatura en Ciencias Biol\u00f3gicas.<br \/>\n&#8220;Estimulaci\u00f3n social y sensorial como estrategia de reversi\u00f3n en los trastornos de tipo ansioso y depresivo en un modelo de malnutrici\u00f3n proteica perinatal en ratones&#8221;<\/p>\n<p>Directora: Mariela Chertoff<br \/>\nCalificaci\u00f3n: Sobresaliente<br \/>\nFecha de defensa: agosto 2016<\/p>\n<hr>\n<p>Octavio Gianatiempo. Estudiante Licenciatura en Ciencias Biol\u00f3gicas.<br \/>\n&#8220;Impacto multigeneracional de la malnutrici\u00f3n proteica en ratones&#8221;<\/p>\n<p>Directora: Silvina V. Sonzogni<br \/>\nCalificaci\u00f3n: Sobresaliente<br \/>\nFecha de defensa: marzo 2016<\/p>\n<hr>\n<p>Nadina M. Ferroni. Estudiante Licenciatura en Ciencias Biol\u00f3gicas<br \/>\n\u201cEvaluaci\u00f3n de la persistencia de deficiencias cognitivas y socio-emotivas observadas en ratones sometidos a malnutrici\u00f3n proteica durante la etapa perinatal\u201d<\/p>\n<p>Director: Eduardo T. C\u00e1nepa<br \/>\nCalificaci\u00f3n: Sobresaliente<br \/>\nFecha de defensa: diciembre 2014<\/p>\n<hr>\n<p>Mar\u00eda F. Ogara. Estudiante Licenciatura en Ciencias Biol\u00f3gicas.<br \/>\n\u201cV\u00edas de transducci\u00f3n de se\u00f1ales que median la inducci\u00f3n de p19INK4d en respuesta al da\u00f1o al DNA por m\u00faltiples genot\u00f3xicos\u201d<\/p>\n<p>Director: Eduardo T. C\u00e1nepa<br \/>\nCalificaci\u00f3n: Sobresaliente<br \/>\nFecha de defensa: marzo 2007<\/p>\n<hr>\n<p>Pablo F. Sirkin. Estudiante Licenciatura en Ciencias Biol\u00f3gicas<br \/>\n\u201cPapel dual de CREB en la regulaci\u00f3n de la transcripci\u00f3n\u201d<\/p>\n<p>Director: Eduardo T. C\u00e1nepa<br \/>\nCalificaci\u00f3n: Sobresaliente<br \/>\nFecha de defensa: marzo 2005<\/p>\n<hr>\n<hr>\n<hr>\n","protected":false},"excerpt":{"rendered":"<p>En curso Eliana Rozowykwiat. Estudiante de Licenciatura en Ciencias Biol\u00f3gicas &#8220;Malnutrici\u00f3n proteica prenatal e inducci\u00f3n temprana de distintos marcadores de senescencia en un modelo de fibroblastos primario de rat\u00f3n&#8221; Directora: Silvina V. Sonzogni &nbsp;Finalizadas Roc\u00edo Priegue. Estudiante de Licenciatura en Ciencias Biol\u00f3gicas &#8220;Establecimiento de un modelo de deprivaci\u00f3n y abuso perinatal en ratones&#8221; Director: Bruno &#8230; <a title=\"Tesis de Licenciatura\" class=\"read-more\" href=\"http:\/\/www.neuroepigenetica.qb.fcen.uba.ar\/?page_id=109\">Leer m\u00e1s<\/a><\/p>\n","protected":false},"author":1,"featured_media":0,"parent":0,"menu_order":0,"comment_status":"closed","ping_status":"closed","template":"","meta":[],"_links":{"self":[{"href":"http:\/\/www.neuroepigenetica.qb.fcen.uba.ar\/index.php?rest_route=\/wp\/v2\/pages\/109"}],"collection":[{"href":"http:\/\/www.neuroepigenetica.qb.fcen.uba.ar\/index.php?rest_route=\/wp\/v2\/pages"}],"about":[{"href":"http:\/\/www.neuroepigenetica.qb.fcen.uba.ar\/index.php?rest_route=\/wp\/v2\/types\/page"}],"author":[{"embeddable":true,"href":"http:\/\/www.neuroepigenetica.qb.fcen.uba.ar\/index.php?rest_route=\/wp\/v2\/users\/1"}],"replies":[{"embeddable":true,"href":"http:\/\/www.neuroepigenetica.qb.fcen.uba.ar\/index.php?rest_route=%2Fwp%2Fv2%2Fcomments&post=109"}],"version-history":[{"count":3,"href":"http:\/\/www.neuroepigenetica.qb.fcen.uba.ar\/index.php?rest_route=\/wp\/v2\/pages\/109\/revisions"}],"predecessor-version":[{"id":489,"href":"http:\/\/www.neuroepigenetica.qb.fcen.uba.ar\/index.php?rest_route=\/wp\/v2\/pages\/109\/revisions\/489"}],"wp:attachment":[{"href":"http:\/\/www.neuroepigenetica.qb.fcen.uba.ar\/index.php?rest_route=%2Fwp%2Fv2%2Fmedia&parent=109"}],"curies":[{"name":"wp","href":"https:\/\/api.w.org\/{rel}","templated":true}]}}