{"id":107,"date":"2017-01-22T13:18:50","date_gmt":"2017-01-22T16:18:50","guid":{"rendered":"http:\/\/www.neuroepigenetica.qb.fcen.uba.ar\/labo_wp\/?page_id=107"},"modified":"2023-01-19T19:59:11","modified_gmt":"2023-01-19T22:59:11","slug":"tesis-de-maestria","status":"publish","type":"page","link":"http:\/\/www.neuroepigenetica.qb.fcen.uba.ar\/?page_id=107","title":{"rendered":"Tesis de Maestr\u00eda"},"content":{"rendered":"<h2>En curso<\/h2>\n<p>Guillermina Garc\u00eda Viazzi. Licenciada en Psicolog\u00eda<\/p>\n<p>&#8220;Asociaci\u00f3n de modificaciones en el epigenoma con des\u00f3rdenes en la salud mental derivadas del maltrato infantil&#8221;<\/p>\n<p>CONICET y Hospital General de Ni\u00f1os Pedro de Elizalde<\/p>\n<p>Beca Agencia Nacional de Promoci\u00f3n Cient\u00edfica y Tecnol\u00f3gica.<\/p>\n<p>Director: Eduardo T. C\u00e1nepa<\/p>\n<hr \/>\n<h2>Finalizadas<\/h2>\n<hr \/>\n<p>Marcela Cepeda. Bioqu\u00edmica.<br \/>\nMaster en Biolog\u00eda Molecular M\u00e9dica de la Universidad de Buenos Aires.<\/p>\n<p>Relaci\u00f3n entre ciclo celular y apoptosis: Regulaci\u00f3n de p19INK4d por agentes proapopt\u00f3ticos.<\/p>\n<p>Director: Eduardo T. C\u00e1nepa<br \/>\nCalificaci\u00f3n: Sobresaliente<br \/>\nFecha de defensa: diciembre 2006<\/p>\n","protected":false},"excerpt":{"rendered":"<p>En curso Guillermina Garc\u00eda Viazzi. Licenciada en Psicolog\u00eda &#8220;Asociaci\u00f3n de modificaciones en el epigenoma con des\u00f3rdenes en la salud mental derivadas del maltrato infantil&#8221; CONICET y Hospital General de Ni\u00f1os Pedro de Elizalde Beca Agencia Nacional de Promoci\u00f3n Cient\u00edfica y Tecnol\u00f3gica. Director: Eduardo T. C\u00e1nepa Finalizadas Marcela Cepeda. Bioqu\u00edmica. Master en Biolog\u00eda Molecular M\u00e9dica de &#8230; <a title=\"Tesis de Maestr\u00eda\" class=\"read-more\" href=\"http:\/\/www.neuroepigenetica.qb.fcen.uba.ar\/?page_id=107\">Leer m\u00e1s<\/a><\/p>\n","protected":false},"author":1,"featured_media":0,"parent":0,"menu_order":0,"comment_status":"closed","ping_status":"closed","template":"","meta":[],"_links":{"self":[{"href":"http:\/\/www.neuroepigenetica.qb.fcen.uba.ar\/index.php?rest_route=\/wp\/v2\/pages\/107"}],"collection":[{"href":"http:\/\/www.neuroepigenetica.qb.fcen.uba.ar\/index.php?rest_route=\/wp\/v2\/pages"}],"about":[{"href":"http:\/\/www.neuroepigenetica.qb.fcen.uba.ar\/index.php?rest_route=\/wp\/v2\/types\/page"}],"author":[{"embeddable":true,"href":"http:\/\/www.neuroepigenetica.qb.fcen.uba.ar\/index.php?rest_route=\/wp\/v2\/users\/1"}],"replies":[{"embeddable":true,"href":"http:\/\/www.neuroepigenetica.qb.fcen.uba.ar\/index.php?rest_route=%2Fwp%2Fv2%2Fcomments&post=107"}],"version-history":[{"count":2,"href":"http:\/\/www.neuroepigenetica.qb.fcen.uba.ar\/index.php?rest_route=\/wp\/v2\/pages\/107\/revisions"}],"predecessor-version":[{"id":536,"href":"http:\/\/www.neuroepigenetica.qb.fcen.uba.ar\/index.php?rest_route=\/wp\/v2\/pages\/107\/revisions\/536"}],"wp:attachment":[{"href":"http:\/\/www.neuroepigenetica.qb.fcen.uba.ar\/index.php?rest_route=%2Fwp%2Fv2%2Fmedia&parent=107"}],"curies":[{"name":"wp","href":"https:\/\/api.w.org\/{rel}","templated":true}]}}

Tesis de Maestría

<h2>En curso</h2>
<p>Guillermina García Viazzi. Licenciada en Psicología</p>
<p>&#8220;Asociación de modificaciones en el epigenoma con desórdenes en la salud mental derivadas del maltrato infantil&#8221;</p>
<p>CONICET y Hospital General de Niños Pedro de Elizalde</p>
<p>Beca Agencia Nacional de Promoción Científica y Tecnológica.</p>
<p>Director: Eduardo T. Cánepa</p>
<hr />
<h2>Finalizadas</h2>
<hr />
<p>Marcela Cepeda. Bioquímica.<br />
Master en Biología Molecular Médica de la Universidad de Buenos Aires.</p>
<p>Relación entre ciclo celular y apoptosis: Regulación de p19INK4d por agentes proapoptóticos.</p>
<p>Director: Eduardo T. Cánepa<br />
Calificación: Sobresaliente<br />
Fecha de defensa: diciembre 2006</p>

<p>En curso Guillermina García Viazzi. Licenciada en Psicología &#8220;Asociación de modificaciones en el epigenoma con desórdenes en la salud mental derivadas del maltrato infantil&#8221; CONICET y Hospital General de Niños Pedro de Elizalde Beca Agencia Nacional de Promoción Científica y Tecnológica. Director: Eduardo T. Cánepa Finalizadas Marcela Cepeda. Bioquímica. Master en Biología Molecular Médica de &#8230; <a title="Tesis de Maestría" class="read-more" href="http://www.neuroepigenetica.qb.fcen.uba.ar/?page_id=107">Leer más</a></p>
